{"id":1709,"date":"2024-04-22T12:53:54","date_gmt":"2024-04-22T17:53:54","guid":{"rendered":"https:\/\/neoprenocoronel.com\/?page_id=1709"},"modified":"2024-04-23T10:08:03","modified_gmt":"2024-04-23T15:08:03","slug":"quienes-somos","status":"publish","type":"page","link":"https:\/\/neoprenocoronel.com\/?page_id=1709","title":{"rendered":"NUESTRA EMPRESA"},"content":{"rendered":"\t\t<div data-elementor-type=\"wp-page\" data-elementor-id=\"1709\" class=\"elementor elementor-1709\">\n\t\t\t\t\t\t<section class=\"elementor-section elementor-top-section elementor-element elementor-element-5b828e3 elementor-section-boxed elementor-section-height-default elementor-section-height-default\" data-id=\"5b828e3\" data-element_type=\"section\" data-e-type=\"section\" data-settings=\"{&quot;background_background&quot;:&quot;classic&quot;}\">\n\t\t\t\t\t\t\t<div class=\"elementor-background-overlay\"><\/div>\n\t\t\t\t\t\t\t<div class=\"elementor-container elementor-column-gap-no\">\n\t\t\t\t\t<div class=\"elementor-column elementor-col-100 elementor-top-column elementor-element elementor-element-73f9b90\" data-id=\"73f9b90\" data-element_type=\"column\" data-e-type=\"column\">\n\t\t\t<div class=\"elementor-widget-wrap elementor-element-populated\">\n\t\t\t\t\t\t<div class=\"elementor-element elementor-element-6cb9832 elementor-widget elementor-widget-heading\" data-id=\"6cb9832\" data-element_type=\"widget\" data-e-type=\"widget\" data-widget_type=\"heading.default\">\n\t\t\t\t<div class=\"elementor-widget-container\">\n\t\t\t\t\t<h1 class=\"elementor-heading-title elementor-size-default\">\u00bfQUIENES SOMOS?<\/h1>\t\t\t\t<\/div>\n\t\t\t\t<\/div>\n\t\t\t\t\t<\/div>\n\t\t<\/div>\n\t\t\t\t\t<\/div>\n\t\t<\/section>\n\t\t\t\t<section class=\"elementor-section elementor-top-section elementor-element elementor-element-9ca55ae elementor-section-boxed elementor-section-height-default elementor-section-height-default\" data-id=\"9ca55ae\" data-element_type=\"section\" data-e-type=\"section\" data-settings=\"{&quot;background_background&quot;:&quot;classic&quot;}\">\n\t\t\t\t\t\t<div class=\"elementor-container elementor-column-gap-no\">\n\t\t\t\t\t<div class=\"elementor-column elementor-col-50 elementor-top-column elementor-element elementor-element-285d1fe\" data-id=\"285d1fe\" data-element_type=\"column\" data-e-type=\"column\">\n\t\t\t<div class=\"elementor-widget-wrap elementor-element-populated\">\n\t\t\t\t\t\t<div class=\"elementor-element elementor-element-a1a8fe3 elementor-widget elementor-widget-text-editor\" data-id=\"a1a8fe3\" data-element_type=\"widget\" data-e-type=\"widget\" data-widget_type=\"text-editor.default\">\n\t\t\t\t<div class=\"elementor-widget-container\">\n\t\t\t\t\t\t\t\t\t<h2><span style=\"color: #000000;\"><strong>Experiencia<\/strong><\/span><\/h2><p><span style=\"color: #000000;\"><strong>Nuestro personal cuenta con varios a\u00f1os de experiencia en el campo comercial e industrial, el cual se capacita continuamente para ofrecer un mejor servicio a nuestros clientes.<\/strong><\/span><\/p><h2><span style=\"color: #000000;\"><strong>Visi\u00f3n<\/strong><\/span><\/h2><p><span style=\"color: #000000;\"><strong>Ser pioneros en la importaci\u00f3n, comercializaci\u00f3n y fabricaci\u00f3n de productos innovadores para el mercado industrial y ferretero de nuestro pa\u00eds.<\/strong><\/span><\/p><h2><span style=\"color: #000000;\"><strong>Misi\u00f3n<\/strong><\/span><\/h2><p><span style=\"color: #000000;\"><strong>Garantizar los m\u00e1s altos est\u00e1ndares de calidad de todos nuestros productos y procesos, con cumplimiento, responsabilidad social; teniendo siempre como prioridad a nuestros clientes.<\/strong><\/span><\/p>\t\t\t\t\t\t\t\t<\/div>\n\t\t\t\t<\/div>\n\t\t\t\t\t<\/div>\n\t\t<\/div>\n\t\t\t\t<div class=\"elementor-column elementor-col-50 elementor-top-column elementor-element elementor-element-c50a96e\" data-id=\"c50a96e\" data-element_type=\"column\" data-e-type=\"column\">\n\t\t\t<div class=\"elementor-widget-wrap elementor-element-populated\">\n\t\t\t\t\t\t<div class=\"elementor-element elementor-element-17b7d91 elementor-invisible elementor-widget elementor-widget-video\" data-id=\"17b7d91\" data-element_type=\"widget\" data-e-type=\"widget\" data-settings=\"{&quot;video_type&quot;:&quot;hosted&quot;,&quot;mute&quot;:&quot;yes&quot;,&quot;_animation&quot;:&quot;zoomInUp&quot;,&quot;controls&quot;:&quot;yes&quot;}\" data-widget_type=\"video.default\">\n\t\t\t\t<div class=\"elementor-widget-container\">\n\t\t\t\t\t\t\t<div class=\"e-hosted-video elementor-wrapper elementor-open-inline\">\n\t\t\t\t\t<video class=\"elementor-video\" src=\"https:\/\/neoprenocoronel.com\/wp-content\/uploads\/2023\/06\/WhatsApp-Video-2023-06-13-at-3.03.03-PM.mp4?_=1\" controls=\"\" preload=\"metadata\" muted=\"muted\" controlsList=\"nodownload\" poster=\"http:\/\/neoprenocoronel.com\/wp-content\/uploads\/2023\/06\/WhatsApp-Image-2023-06-16-at-7.07.53-PM-1.jpeg\"><\/video>\n\t\t\t\t<\/div>\n\t\t\t\t\t\t<\/div>\n\t\t\t\t<\/div>\n\t\t\t\t\t<\/div>\n\t\t<\/div>\n\t\t\t\t\t<\/div>\n\t\t<\/section>\n\t\t\t\t<section class=\"elementor-section elementor-top-section elementor-element elementor-element-178aa5f elementor-section-boxed elementor-section-height-default elementor-section-height-default\" data-id=\"178aa5f\" data-element_type=\"section\" data-e-type=\"section\">\n\t\t\t\t\t\t<div class=\"elementor-container elementor-column-gap-default\">\n\t\t\t\t\t<div class=\"elementor-column elementor-col-33 elementor-top-column elementor-element elementor-element-1c9844c\" data-id=\"1c9844c\" data-element_type=\"column\" data-e-type=\"column\">\n\t\t\t<div class=\"elementor-widget-wrap elementor-element-populated\">\n\t\t\t\t\t\t<div class=\"elementor-element elementor-element-e84f169 elementor-widget elementor-widget-spacer\" data-id=\"e84f169\" data-element_type=\"widget\" data-e-type=\"widget\" data-widget_type=\"spacer.default\">\n\t\t\t\t<div class=\"elementor-widget-container\">\n\t\t\t\t\t\t\t<div class=\"elementor-spacer\">\n\t\t\t<div class=\"elementor-spacer-inner\"><\/div>\n\t\t<\/div>\n\t\t\t\t\t\t<\/div>\n\t\t\t\t<\/div>\n\t\t\t\t<div class=\"elementor-element elementor-element-d0b6e8d animated-slow elementor-invisible elementor-widget elementor-widget-image\" data-id=\"d0b6e8d\" data-element_type=\"widget\" data-e-type=\"widget\" data-settings=\"{&quot;_animation&quot;:&quot;fadeIn&quot;}\" data-widget_type=\"image.default\">\n\t\t\t\t<div class=\"elementor-widget-container\">\n\t\t\t\t\t\t\t\t\t\t\t\t\t\t\t<img fetchpriority=\"high\" decoding=\"async\" width=\"809\" height=\"745\" src=\"https:\/\/neoprenocoronel.com\/wp-content\/uploads\/2023\/06\/f5-1.png\" class=\"attachment-large size-large wp-image-917\" alt=\"\" srcset=\"https:\/\/neoprenocoronel.com\/wp-content\/uploads\/2023\/06\/f5-1.png 809w, https:\/\/neoprenocoronel.com\/wp-content\/uploads\/2023\/06\/f5-1-300x276.png 300w, https:\/\/neoprenocoronel.com\/wp-content\/uploads\/2023\/06\/f5-1-768x707.png 768w\" sizes=\"(max-width: 809px) 100vw, 809px\" \/>\t\t\t\t\t\t\t\t\t\t\t\t\t\t\t<\/div>\n\t\t\t\t<\/div>\n\t\t\t\t<div class=\"elementor-element elementor-element-eb5e033 elementor-widget elementor-widget-spacer\" data-id=\"eb5e033\" data-element_type=\"widget\" data-e-type=\"widget\" data-widget_type=\"spacer.default\">\n\t\t\t\t<div class=\"elementor-widget-container\">\n\t\t\t\t\t\t\t<div class=\"elementor-spacer\">\n\t\t\t<div class=\"elementor-spacer-inner\"><\/div>\n\t\t<\/div>\n\t\t\t\t\t\t<\/div>\n\t\t\t\t<\/div>\n\t\t\t\t\t<\/div>\n\t\t<\/div>\n\t\t\t\t<div class=\"elementor-column elementor-col-33 elementor-top-column elementor-element elementor-element-977916c\" data-id=\"977916c\" data-element_type=\"column\" data-e-type=\"column\">\n\t\t\t<div class=\"elementor-widget-wrap elementor-element-populated\">\n\t\t\t\t\t\t<div class=\"elementor-element elementor-element-2a1388e elementor-widget elementor-widget-spacer\" data-id=\"2a1388e\" data-element_type=\"widget\" data-e-type=\"widget\" data-widget_type=\"spacer.default\">\n\t\t\t\t<div class=\"elementor-widget-container\">\n\t\t\t\t\t\t\t<div class=\"elementor-spacer\">\n\t\t\t<div class=\"elementor-spacer-inner\"><\/div>\n\t\t<\/div>\n\t\t\t\t\t\t<\/div>\n\t\t\t\t<\/div>\n\t\t\t\t<div class=\"elementor-element elementor-element-d69d1b7 animated-slow elementor-invisible elementor-widget elementor-widget-image\" data-id=\"d69d1b7\" data-element_type=\"widget\" data-e-type=\"widget\" data-settings=\"{&quot;_animation&quot;:&quot;fadeIn&quot;}\" data-widget_type=\"image.default\">\n\t\t\t\t<div class=\"elementor-widget-container\">\n\t\t\t\t\t\t\t\t\t\t\t\t\t\t\t<img decoding=\"async\" width=\"811\" height=\"721\" src=\"https:\/\/neoprenocoronel.com\/wp-content\/uploads\/2023\/06\/WEWE.png\" class=\"attachment-large size-large wp-image-918\" alt=\"\" srcset=\"https:\/\/neoprenocoronel.com\/wp-content\/uploads\/2023\/06\/WEWE.png 811w, https:\/\/neoprenocoronel.com\/wp-content\/uploads\/2023\/06\/WEWE-300x267.png 300w, https:\/\/neoprenocoronel.com\/wp-content\/uploads\/2023\/06\/WEWE-768x683.png 768w\" sizes=\"(max-width: 811px) 100vw, 811px\" \/>\t\t\t\t\t\t\t\t\t\t\t\t\t\t\t<\/div>\n\t\t\t\t<\/div>\n\t\t\t\t\t<\/div>\n\t\t<\/div>\n\t\t\t\t<div class=\"elementor-column elementor-col-33 elementor-top-column elementor-element elementor-element-253d6b3\" data-id=\"253d6b3\" data-element_type=\"column\" data-e-type=\"column\">\n\t\t\t<div class=\"elementor-widget-wrap elementor-element-populated\">\n\t\t\t\t\t\t<div class=\"elementor-element elementor-element-0355422 elementor-widget elementor-widget-spacer\" data-id=\"0355422\" data-element_type=\"widget\" data-e-type=\"widget\" data-widget_type=\"spacer.default\">\n\t\t\t\t<div class=\"elementor-widget-container\">\n\t\t\t\t\t\t\t<div class=\"elementor-spacer\">\n\t\t\t<div class=\"elementor-spacer-inner\"><\/div>\n\t\t<\/div>\n\t\t\t\t\t\t<\/div>\n\t\t\t\t<\/div>\n\t\t\t\t<div class=\"elementor-element elementor-element-9cee9b9 animated-slow elementor-invisible elementor-widget elementor-widget-image\" data-id=\"9cee9b9\" data-element_type=\"widget\" data-e-type=\"widget\" data-settings=\"{&quot;_animation&quot;:&quot;fadeIn&quot;}\" data-widget_type=\"image.default\">\n\t\t\t\t<div class=\"elementor-widget-container\">\n\t\t\t\t\t\t\t\t\t\t\t\t\t\t\t<img decoding=\"async\" width=\"809\" height=\"710\" src=\"https:\/\/neoprenocoronel.com\/wp-content\/uploads\/2023\/06\/EWEWE.png\" class=\"attachment-large size-large wp-image-919\" alt=\"\" srcset=\"https:\/\/neoprenocoronel.com\/wp-content\/uploads\/2023\/06\/EWEWE.png 809w, https:\/\/neoprenocoronel.com\/wp-content\/uploads\/2023\/06\/EWEWE-300x263.png 300w, https:\/\/neoprenocoronel.com\/wp-content\/uploads\/2023\/06\/EWEWE-768x674.png 768w\" sizes=\"(max-width: 809px) 100vw, 809px\" \/>\t\t\t\t\t\t\t\t\t\t\t\t\t\t\t<\/div>\n\t\t\t\t<\/div>\n\t\t\t\t<div class=\"elementor-element elementor-element-878d776 elementor-widget elementor-widget-spacer\" data-id=\"878d776\" data-element_type=\"widget\" data-e-type=\"widget\" data-widget_type=\"spacer.default\">\n\t\t\t\t<div class=\"elementor-widget-container\">\n\t\t\t\t\t\t\t<div class=\"elementor-spacer\">\n\t\t\t<div class=\"elementor-spacer-inner\"><\/div>\n\t\t<\/div>\n\t\t\t\t\t\t<\/div>\n\t\t\t\t<\/div>\n\t\t\t\t<div class=\"elementor-element elementor-element-c894241 elementor-widget elementor-widget-spacer\" data-id=\"c894241\" data-element_type=\"widget\" data-e-type=\"widget\" data-widget_type=\"spacer.default\">\n\t\t\t\t<div class=\"elementor-widget-container\">\n\t\t\t\t\t\t\t<div class=\"elementor-spacer\">\n\t\t\t<div class=\"elementor-spacer-inner\"><\/div>\n\t\t<\/div>\n\t\t\t\t\t\t<\/div>\n\t\t\t\t<\/div>\n\t\t\t\t\t<\/div>\n\t\t<\/div>\n\t\t\t\t\t<\/div>\n\t\t<\/section>\n\t\t\t\t<section class=\"elementor-section elementor-top-section elementor-element elementor-element-c977520 elementor-section-boxed elementor-section-height-default elementor-section-height-default\" data-id=\"c977520\" data-element_type=\"section\" data-e-type=\"section\" data-settings=\"{&quot;background_background&quot;:&quot;classic&quot;}\">\n\t\t\t\t\t\t<div class=\"elementor-container elementor-column-gap-no\">\n\t\t\t\t\t<div class=\"elementor-column elementor-col-100 elementor-top-column elementor-element elementor-element-52fdf79\" data-id=\"52fdf79\" data-element_type=\"column\" data-e-type=\"column\">\n\t\t\t<div class=\"elementor-widget-wrap elementor-element-populated\">\n\t\t\t\t\t\t<div class=\"elementor-element elementor-element-1e75510 elementor-widget elementor-widget-heading\" data-id=\"1e75510\" data-element_type=\"widget\" data-e-type=\"widget\" data-widget_type=\"heading.default\">\n\t\t\t\t<div class=\"elementor-widget-container\">\n\t\t\t\t\t<h2 class=\"elementor-heading-title elementor-size-default\">PRODUCTOS DESTACADOS<\/h2>\t\t\t\t<\/div>\n\t\t\t\t<\/div>\n\t\t\t\t\t<\/div>\n\t\t<\/div>\n\t\t\t\t\t<\/div>\n\t\t<\/section>\n\t\t\t\t<\/div>\n\t\t","protected":false},"excerpt":{"rendered":"<p>\u00bfQUIENES SOMOS? Experiencia Nuestro personal cuenta con varios a\u00f1os de experiencia en el campo comercial e industrial, el cual se capacita continuamente para ofrecer un mejor servicio a nuestros clientes. Visi\u00f3n Ser pioneros en la importaci\u00f3n, comercializaci\u00f3n y fabricaci\u00f3n de productos innovadores para el mercado industrial y ferretero de nuestro pa\u00eds. Misi\u00f3n Garantizar los m\u00e1s [&hellip;]<\/p>\n","protected":false},"author":1,"featured_media":0,"parent":0,"menu_order":0,"comment_status":"closed","ping_status":"closed","template":"","meta":{"site-sidebar-layout":"no-sidebar","site-content-layout":"page-builder","ast-site-content-layout":"default","site-content-style":"default","site-sidebar-style":"default","ast-global-header-display":"","ast-banner-title-visibility":"","ast-main-header-display":"","ast-hfb-above-header-display":"","ast-hfb-below-header-display":"","ast-hfb-mobile-header-display":"","site-post-title":"disabled","ast-breadcrumbs-content":"disabled","ast-featured-img":"disabled","footer-sml-layout":"","ast-disable-related-posts":"","theme-transparent-header-meta":"enabled","adv-header-id-meta":"","stick-header-meta":"","header-above-stick-meta":"","header-main-stick-meta":"","header-below-stick-meta":"","astra-migrate-meta-layouts":"default","ast-page-background-enabled":"default","ast-page-background-meta":{"desktop":{"background-color":"var(--ast-global-color-4)","background-image":"","background-repeat":"repeat","background-position":"center center","background-size":"auto","background-attachment":"scroll","background-type":"","background-media":"","overlay-type":"","overlay-color":"","overlay-opacity":"","overlay-gradient":""},"tablet":{"background-color":"","background-image":"","background-repeat":"repeat","background-position":"center center","background-size":"auto","background-attachment":"scroll","background-type":"","background-media":"","overlay-type":"","overlay-color":"","overlay-opacity":"","overlay-gradient":""},"mobile":{"background-color":"","background-image":"","background-repeat":"repeat","background-position":"center center","background-size":"auto","background-attachment":"scroll","background-type":"","background-media":"","overlay-type":"","overlay-color":"","overlay-opacity":"","overlay-gradient":""}},"ast-content-background-meta":{"desktop":{"background-color":"var(--ast-global-color-5)","background-image":"","background-repeat":"repeat","background-position":"center center","background-size":"auto","background-attachment":"scroll","background-type":"","background-media":"","overlay-type":"","overlay-color":"","overlay-opacity":"","overlay-gradient":""},"tablet":{"background-color":"var(--ast-global-color-5)","background-image":"","background-repeat":"repeat","background-position":"center center","background-size":"auto","background-attachment":"scroll","background-type":"","background-media":"","overlay-type":"","overlay-color":"","overlay-opacity":"","overlay-gradient":""},"mobile":{"background-color":"var(--ast-global-color-5)","background-image":"","background-repeat":"repeat","background-position":"center center","background-size":"auto","background-attachment":"scroll","background-type":"","background-media":"","overlay-type":"","overlay-color":"","overlay-opacity":"","overlay-gradient":""}},"_joinchat":[],"footnotes":""},"class_list":["post-1709","page","type-page","status-publish","hentry"],"yoast_head":"<!-- This site is optimized with the Yoast SEO plugin v27.5 - https:\/\/yoast.com\/product\/yoast-seo-wordpress\/ -->\n<title>NUESTRA EMPRESA - COMERCIALIZADORA CORONEL C.A<\/title>\n<meta name=\"robots\" content=\"index, follow, max-snippet:-1, max-image-preview:large, max-video-preview:-1\" \/>\n<link rel=\"canonical\" href=\"https:\/\/neoprenocoronel.com\/?page_id=1709\" \/>\n<meta property=\"og:locale\" content=\"es_ES\" \/>\n<meta property=\"og:type\" content=\"article\" \/>\n<meta property=\"og:title\" content=\"NUESTRA EMPRESA - COMERCIALIZADORA CORONEL C.A\" \/>\n<meta property=\"og:description\" content=\"\u00bfQUIENES SOMOS? Experiencia Nuestro personal cuenta con varios a\u00f1os de experiencia en el campo comercial e industrial, el cual se capacita continuamente para ofrecer un mejor servicio a nuestros clientes. Visi\u00f3n Ser pioneros en la importaci\u00f3n, comercializaci\u00f3n y fabricaci\u00f3n de productos innovadores para el mercado industrial y ferretero de nuestro pa\u00eds. Misi\u00f3n Garantizar los m\u00e1s [&hellip;]\" \/>\n<meta property=\"og:url\" content=\"https:\/\/neoprenocoronel.com\/?page_id=1709\" \/>\n<meta property=\"og:site_name\" content=\"COMERCIALIZADORA CORONEL C.A\" \/>\n<meta property=\"article:publisher\" content=\"https:\/\/www.facebook.com\/ComecIndustrial\" \/>\n<meta property=\"article:modified_time\" content=\"2024-04-23T15:08:03+00:00\" \/>\n<meta property=\"og:image\" content=\"http:\/\/neoprenocoronel.com\/wp-content\/uploads\/2023\/06\/f5-1.png\" \/>\n<meta name=\"twitter:card\" content=\"summary_large_image\" \/>\n<meta name=\"twitter:label1\" content=\"Tiempo de lectura\" \/>\n\t<meta name=\"twitter:data1\" content=\"5 minutos\" \/>\n<script type=\"application\/ld+json\" class=\"yoast-schema-graph\">{\"@context\":\"https:\\\/\\\/schema.org\",\"@graph\":[{\"@type\":\"WebPage\",\"@id\":\"https:\\\/\\\/neoprenocoronel.com\\\/?page_id=1709\",\"url\":\"https:\\\/\\\/neoprenocoronel.com\\\/?page_id=1709\",\"name\":\"NUESTRA EMPRESA - COMERCIALIZADORA CORONEL C.A\",\"isPartOf\":{\"@id\":\"https:\\\/\\\/neoprenocoronel.com\\\/#website\"},\"primaryImageOfPage\":{\"@id\":\"https:\\\/\\\/neoprenocoronel.com\\\/?page_id=1709#primaryimage\"},\"image\":{\"@id\":\"https:\\\/\\\/neoprenocoronel.com\\\/?page_id=1709#primaryimage\"},\"thumbnailUrl\":\"http:\\\/\\\/neoprenocoronel.com\\\/wp-content\\\/uploads\\\/2023\\\/06\\\/f5-1.png\",\"datePublished\":\"2024-04-22T17:53:54+00:00\",\"dateModified\":\"2024-04-23T15:08:03+00:00\",\"breadcrumb\":{\"@id\":\"https:\\\/\\\/neoprenocoronel.com\\\/?page_id=1709#breadcrumb\"},\"inLanguage\":\"es-CO\",\"potentialAction\":[{\"@type\":\"ReadAction\",\"target\":[\"https:\\\/\\\/neoprenocoronel.com\\\/?page_id=1709\"]}]},{\"@type\":\"ImageObject\",\"inLanguage\":\"es-CO\",\"@id\":\"https:\\\/\\\/neoprenocoronel.com\\\/?page_id=1709#primaryimage\",\"url\":\"https:\\\/\\\/neoprenocoronel.com\\\/wp-content\\\/uploads\\\/2023\\\/06\\\/f5-1.png\",\"contentUrl\":\"https:\\\/\\\/neoprenocoronel.com\\\/wp-content\\\/uploads\\\/2023\\\/06\\\/f5-1.png\",\"width\":809,\"height\":745},{\"@type\":\"BreadcrumbList\",\"@id\":\"https:\\\/\\\/neoprenocoronel.com\\\/?page_id=1709#breadcrumb\",\"itemListElement\":[{\"@type\":\"ListItem\",\"position\":1,\"name\":\"Inicio\",\"item\":\"https:\\\/\\\/neoprenocoronel.com\\\/\"},{\"@type\":\"ListItem\",\"position\":2,\"name\":\"NUESTRA EMPRESA\"}]},{\"@type\":\"WebSite\",\"@id\":\"https:\\\/\\\/neoprenocoronel.com\\\/#website\",\"url\":\"https:\\\/\\\/neoprenocoronel.com\\\/\",\"name\":\"COMERCIALIZADORA CORONEL C.A\",\"description\":\"comercializamos todo tipo de material industrial, cauchos neopreno, laminas de baquelita y mucho mas\",\"publisher\":{\"@id\":\"https:\\\/\\\/neoprenocoronel.com\\\/#organization\"},\"potentialAction\":[{\"@type\":\"SearchAction\",\"target\":{\"@type\":\"EntryPoint\",\"urlTemplate\":\"https:\\\/\\\/neoprenocoronel.com\\\/?s={search_term_string}\"},\"query-input\":{\"@type\":\"PropertyValueSpecification\",\"valueRequired\":true,\"valueName\":\"search_term_string\"}}],\"inLanguage\":\"es-CO\"},{\"@type\":\"Organization\",\"@id\":\"https:\\\/\\\/neoprenocoronel.com\\\/#organization\",\"name\":\"COMERCIALIZADORA CORONEL C.A\",\"url\":\"https:\\\/\\\/neoprenocoronel.com\\\/\",\"logo\":{\"@type\":\"ImageObject\",\"inLanguage\":\"es-CO\",\"@id\":\"https:\\\/\\\/neoprenocoronel.com\\\/#\\\/schema\\\/logo\\\/image\\\/\",\"url\":\"https:\\\/\\\/neoprenocoronel.com\\\/wp-content\\\/uploads\\\/2024\\\/04\\\/coronel.jpg\",\"contentUrl\":\"https:\\\/\\\/neoprenocoronel.com\\\/wp-content\\\/uploads\\\/2024\\\/04\\\/coronel.jpg\",\"width\":1056,\"height\":1080,\"caption\":\"COMERCIALIZADORA CORONEL C.A\"},\"image\":{\"@id\":\"https:\\\/\\\/neoprenocoronel.com\\\/#\\\/schema\\\/logo\\\/image\\\/\"},\"sameAs\":[\"https:\\\/\\\/www.facebook.com\\\/ComecIndustrial\"]}]}<\/script>\n<!-- \/ Yoast SEO plugin. -->","yoast_head_json":{"title":"NUESTRA EMPRESA - COMERCIALIZADORA CORONEL C.A","robots":{"index":"index","follow":"follow","max-snippet":"max-snippet:-1","max-image-preview":"max-image-preview:large","max-video-preview":"max-video-preview:-1"},"canonical":"https:\/\/neoprenocoronel.com\/?page_id=1709","og_locale":"es_ES","og_type":"article","og_title":"NUESTRA EMPRESA - COMERCIALIZADORA CORONEL C.A","og_description":"\u00bfQUIENES SOMOS? Experiencia Nuestro personal cuenta con varios a\u00f1os de experiencia en el campo comercial e industrial, el cual se capacita continuamente para ofrecer un mejor servicio a nuestros clientes. Visi\u00f3n Ser pioneros en la importaci\u00f3n, comercializaci\u00f3n y fabricaci\u00f3n de productos innovadores para el mercado industrial y ferretero de nuestro pa\u00eds. Misi\u00f3n Garantizar los m\u00e1s [&hellip;]","og_url":"https:\/\/neoprenocoronel.com\/?page_id=1709","og_site_name":"COMERCIALIZADORA CORONEL C.A","article_publisher":"https:\/\/www.facebook.com\/ComecIndustrial","article_modified_time":"2024-04-23T15:08:03+00:00","og_image":[{"url":"http:\/\/neoprenocoronel.com\/wp-content\/uploads\/2023\/06\/f5-1.png","type":"","width":"","height":""}],"twitter_card":"summary_large_image","twitter_misc":{"Tiempo de lectura":"5 minutos"},"schema":{"@context":"https:\/\/schema.org","@graph":[{"@type":"WebPage","@id":"https:\/\/neoprenocoronel.com\/?page_id=1709","url":"https:\/\/neoprenocoronel.com\/?page_id=1709","name":"NUESTRA EMPRESA - COMERCIALIZADORA CORONEL C.A","isPartOf":{"@id":"https:\/\/neoprenocoronel.com\/#website"},"primaryImageOfPage":{"@id":"https:\/\/neoprenocoronel.com\/?page_id=1709#primaryimage"},"image":{"@id":"https:\/\/neoprenocoronel.com\/?page_id=1709#primaryimage"},"thumbnailUrl":"http:\/\/neoprenocoronel.com\/wp-content\/uploads\/2023\/06\/f5-1.png","datePublished":"2024-04-22T17:53:54+00:00","dateModified":"2024-04-23T15:08:03+00:00","breadcrumb":{"@id":"https:\/\/neoprenocoronel.com\/?page_id=1709#breadcrumb"},"inLanguage":"es-CO","potentialAction":[{"@type":"ReadAction","target":["https:\/\/neoprenocoronel.com\/?page_id=1709"]}]},{"@type":"ImageObject","inLanguage":"es-CO","@id":"https:\/\/neoprenocoronel.com\/?page_id=1709#primaryimage","url":"https:\/\/neoprenocoronel.com\/wp-content\/uploads\/2023\/06\/f5-1.png","contentUrl":"https:\/\/neoprenocoronel.com\/wp-content\/uploads\/2023\/06\/f5-1.png","width":809,"height":745},{"@type":"BreadcrumbList","@id":"https:\/\/neoprenocoronel.com\/?page_id=1709#breadcrumb","itemListElement":[{"@type":"ListItem","position":1,"name":"Inicio","item":"https:\/\/neoprenocoronel.com\/"},{"@type":"ListItem","position":2,"name":"NUESTRA EMPRESA"}]},{"@type":"WebSite","@id":"https:\/\/neoprenocoronel.com\/#website","url":"https:\/\/neoprenocoronel.com\/","name":"COMERCIALIZADORA CORONEL C.A","description":"comercializamos todo tipo de material industrial, cauchos neopreno, laminas de baquelita y mucho mas","publisher":{"@id":"https:\/\/neoprenocoronel.com\/#organization"},"potentialAction":[{"@type":"SearchAction","target":{"@type":"EntryPoint","urlTemplate":"https:\/\/neoprenocoronel.com\/?s={search_term_string}"},"query-input":{"@type":"PropertyValueSpecification","valueRequired":true,"valueName":"search_term_string"}}],"inLanguage":"es-CO"},{"@type":"Organization","@id":"https:\/\/neoprenocoronel.com\/#organization","name":"COMERCIALIZADORA CORONEL C.A","url":"https:\/\/neoprenocoronel.com\/","logo":{"@type":"ImageObject","inLanguage":"es-CO","@id":"https:\/\/neoprenocoronel.com\/#\/schema\/logo\/image\/","url":"https:\/\/neoprenocoronel.com\/wp-content\/uploads\/2024\/04\/coronel.jpg","contentUrl":"https:\/\/neoprenocoronel.com\/wp-content\/uploads\/2024\/04\/coronel.jpg","width":1056,"height":1080,"caption":"COMERCIALIZADORA CORONEL C.A"},"image":{"@id":"https:\/\/neoprenocoronel.com\/#\/schema\/logo\/image\/"},"sameAs":["https:\/\/www.facebook.com\/ComecIndustrial"]}]}},"_links":{"self":[{"href":"https:\/\/neoprenocoronel.com\/index.php?rest_route=\/wp\/v2\/pages\/1709","targetHints":{"allow":["GET"]}}],"collection":[{"href":"https:\/\/neoprenocoronel.com\/index.php?rest_route=\/wp\/v2\/pages"}],"about":[{"href":"https:\/\/neoprenocoronel.com\/index.php?rest_route=\/wp\/v2\/types\/page"}],"author":[{"embeddable":true,"href":"https:\/\/neoprenocoronel.com\/index.php?rest_route=\/wp\/v2\/users\/1"}],"replies":[{"embeddable":true,"href":"https:\/\/neoprenocoronel.com\/index.php?rest_route=%2Fwp%2Fv2%2Fcomments&post=1709"}],"version-history":[{"count":8,"href":"https:\/\/neoprenocoronel.com\/index.php?rest_route=\/wp\/v2\/pages\/1709\/revisions"}],"predecessor-version":[{"id":1784,"href":"https:\/\/neoprenocoronel.com\/index.php?rest_route=\/wp\/v2\/pages\/1709\/revisions\/1784"}],"wp:attachment":[{"href":"https:\/\/neoprenocoronel.com\/index.php?rest_route=%2Fwp%2Fv2%2Fmedia&parent=1709"}],"curies":[{"name":"wp","href":"https:\/\/api.w.org\/{rel}","templated":true}]}}