{"id":793,"date":"2023-06-18T16:50:00","date_gmt":"2023-06-18T21:50:00","guid":{"rendered":"https:\/\/neoprenocoronel.com\/?page_id=793"},"modified":"2024-04-28T15:35:35","modified_gmt":"2024-04-28T20:35:35","slug":"caucho-neopreno","status":"publish","type":"page","link":"https:\/\/neoprenocoronel.com\/?page_id=793","title":{"rendered":"CAUCHO NEOPRENO"},"content":{"rendered":"\t\t<div data-elementor-type=\"wp-page\" data-elementor-id=\"793\" class=\"elementor elementor-793\">\n\t\t\t\t\t\t<section class=\"elementor-section elementor-top-section elementor-element elementor-element-5b828e3 elementor-section-boxed elementor-section-height-default elementor-section-height-default\" data-id=\"5b828e3\" data-element_type=\"section\" data-e-type=\"section\" data-settings=\"{&quot;background_background&quot;:&quot;classic&quot;}\">\n\t\t\t\t\t\t\t<div class=\"elementor-background-overlay\"><\/div>\n\t\t\t\t\t\t\t<div class=\"elementor-container elementor-column-gap-no\">\n\t\t\t\t\t<div class=\"elementor-column elementor-col-100 elementor-top-column elementor-element elementor-element-73f9b90\" data-id=\"73f9b90\" data-element_type=\"column\" data-e-type=\"column\">\n\t\t\t<div class=\"elementor-widget-wrap elementor-element-populated\">\n\t\t\t\t\t\t<div class=\"elementor-element elementor-element-6cb9832 elementor-widget elementor-widget-heading\" data-id=\"6cb9832\" data-element_type=\"widget\" data-e-type=\"widget\" data-widget_type=\"heading.default\">\n\t\t\t\t<div class=\"elementor-widget-container\">\n\t\t\t\t\t<h1 class=\"elementor-heading-title elementor-size-default\">CAUCHO DE NEOPRENO<\/h1>\t\t\t\t<\/div>\n\t\t\t\t<\/div>\n\t\t\t\t\t<\/div>\n\t\t<\/div>\n\t\t\t\t\t<\/div>\n\t\t<\/section>\n\t\t\t\t<section class=\"elementor-section elementor-top-section elementor-element elementor-element-9ca55ae elementor-section-boxed elementor-section-height-default elementor-section-height-default\" data-id=\"9ca55ae\" data-element_type=\"section\" data-e-type=\"section\" data-settings=\"{&quot;background_background&quot;:&quot;classic&quot;}\">\n\t\t\t\t\t\t<div class=\"elementor-container elementor-column-gap-no\">\n\t\t\t\t\t<div class=\"elementor-column elementor-col-50 elementor-top-column elementor-element elementor-element-285d1fe\" data-id=\"285d1fe\" data-element_type=\"column\" data-e-type=\"column\">\n\t\t\t<div class=\"elementor-widget-wrap elementor-element-populated\">\n\t\t\t\t\t\t<div class=\"elementor-element elementor-element-6108ee1 elementor-widget elementor-widget-heading\" data-id=\"6108ee1\" data-element_type=\"widget\" data-e-type=\"widget\" data-widget_type=\"heading.default\">\n\t\t\t\t<div class=\"elementor-widget-container\">\n\t\t\t\t\t<h2 class=\"elementor-heading-title elementor-size-default\">PRODUCTOS<\/h2>\t\t\t\t<\/div>\n\t\t\t\t<\/div>\n\t\t\t\t<div class=\"elementor-element elementor-element-a1a8fe3 elementor-widget elementor-widget-text-editor\" data-id=\"a1a8fe3\" data-element_type=\"widget\" data-e-type=\"widget\" data-widget_type=\"text-editor.default\">\n\t\t\t\t<div class=\"elementor-widget-container\">\n\t\t\t\t\t\t\t\t\t<p style=\"text-align: left;\"><span style=\"color: #000000;\"><strong><span style=\"color: #ffcc00;\">LAMINA DE CAUCHO NEOPRENO:<\/span><\/strong><\/span><\/p><p style=\"text-align: left;\"><span style=\"color: #000000;\"><strong> El neopreno es un elast\u00f3mero que Se emplea en tuber\u00edas de conducci\u00f3n de petr\u00f3leo y como aislante para cables y maquinaria, resiste una temperatura hasta de 130\u00baC. (CON O SIN LONA)\u00a0<\/strong><\/span><\/p><p style=\"text-align: left;\"><span style=\"color: #000000;\"><strong><span style=\"color: #ffcc00;\">LAMINA DE CAUCHO NATURAL BLANCO:<\/span><\/strong><\/span><\/p><p style=\"text-align: left;\"><span style=\"color: #000000;\"><strong> EL SBR-BLANCO es un caucho sint\u00e9tico con excelente resistencia a los fluidos alimenticios, Tambi\u00e9n es resistente a los agentes atmosf\u00e9ricos y al agua, resiste una temperatura hasta de 125\u00baC<\/strong><\/span><\/p><p style=\"text-align: left;\"><span style=\"color: #000000;\"><strong><span style=\"color: #ffcc00;\">\u00a0LAMINA DE CAUCHO NATURAL ROJO:<\/span><\/strong><\/span><\/p><p style=\"text-align: left;\"><span style=\"color: #000000;\"><strong> El caucho natural rojo es un elast\u00f3mero que se usa ampliamente debido a su versatilidad y excelente resistencia a la compresi\u00f3n, no se distorsiona con la flexi\u00f3n, resistente a la luz solar e inclemencias del clima y la torsi\u00f3n, resiste una temperatura hasta de 125\u00baC\u00a0<\/strong><\/span><\/p><p style=\"text-align: left;\"><span style=\"color: #000000;\"><strong><span style=\"color: #ffcc00;\">LAMINA DE SILICONA TRASLUCIDA:<\/span>\u00a0<\/strong><\/span><\/p><p style=\"text-align: left;\"><span style=\"color: #000000;\"><strong>silicona trasl\u00facida se distribuye en diversos espesores, es un elast\u00f3mero de alta calidad. El rango de temperatura de la silicona oscila entre los -65\u00baC y los +270\u00baC.<\/strong><\/span><\/p><p style=\"text-align: left;\"><span style=\"color: #000000;\"><strong><span style=\"color: #ffcc00;\">\u00a0LAMINA DE SILICONA ROJA:<\/span>\u00a0<\/strong><\/span><\/p><p style=\"text-align: left;\"><span style=\"color: #000000;\"><strong>La Silicona es un caucho que posee una extraordinaria estabilidad a temperatura extrema y una excelente flexibilidad a bajas temperaturas, el rango de temperatura de la silicona oscila entre los -40+260\u00baC\u00a0<\/strong><\/span><\/p><p style=\"text-align: left;\"><span style=\"color: #000000;\"><strong><span style=\"color: #ffcc00;\">LAMINA DE CAUCHO EPDM:<\/span><\/strong><\/span><\/p><p style=\"text-align: left;\"><span style=\"color: #000000;\"><strong> El caucho EPDM es un material compuesto de Etileno, Propileno y Dieno de alta calidad, con un rango de temperatura hasta los 140\u00baC.\u00a0<\/strong><\/span><\/p><p style=\"text-align: left;\"><span style=\"color: #000000;\"><strong><span style=\"color: #ffcc00;\">LAMINA DE CAUCHO NITRILO NEGRO:<\/span><\/strong><\/span><\/p><p style=\"text-align: left;\"><span style=\"color: #000000;\"><strong> El Nitrilo es copol\u00edmero de acrilonitrilo y butadieno, un caucho sint\u00e9tico con excelente resistencia a los fluidos hidr\u00e1ulicos, aceites lubricantes, fluidos de transmisi\u00f3n y otros productos a base de petr\u00f3leo no polar, con un rango de temperatura hasta los 140\u00baC.<\/strong><\/span><\/p><p style=\"text-align: left;\"><span style=\"color: #000000;\"><strong><span style=\"color: #ffcc00;\">\u00a0LAMINA DE CAUCHO NITRILO BLANCO:<\/span>\u00a0<\/strong><\/span><\/p><p style=\"text-align: left;\"><span style=\"color: #000000;\"><strong>El nitrilo tambi\u00e9n conocido como NBR es el elast\u00f3mero m\u00e1s utilizado actualmente en la industria de las juntas, soportar un rango de temperaturas de -40 a 140 \u00b0C.<\/strong><\/span><\/p><p style=\"text-align: left;\"><span style=\"color: #000000;\"><strong><span style=\"color: #ffcc00;\">\u00a0LAMINA DE VITON:\u00a0<\/span><\/strong><\/span><\/p><p style=\"text-align: left;\"><span style=\"color: #000000;\"><strong>El caucho de Viton es altamente apreciado en las aplicaciones industriales m\u00e1s exigentes ya es el m\u00e1s resistente a hidrocarburos, \u00e1cidos, \u00e1lcalis e incluso oxidantes y soporta temperaturas de hasta 250\u00baC sin perder sus propiedades mec\u00e1nicas\u00a0<\/strong><\/span><\/p><p style=\"text-align: left;\"><span style=\"color: #000000;\"><strong><span style=\"color: #ffcc00;\">SILICONA EN ESPUMA:<\/span><\/strong><\/span><\/p><p style=\"text-align: left;\"><span style=\"color: #000000;\"><strong>\u00a0La espuma de silicona cumple con una excelente resistencia al fuego y a los productos qu\u00edmicos, resiste hasta una temperatura de 280\u00b0 C.\u00a0<\/strong><\/span><\/p><p style=\"text-align: left;\"><span style=\"color: #000000;\"><strong><span style=\"color: #ffcc00;\">PISOS EN CAUCHO VULCANIZADOS:<\/span>\u00a0<\/strong><\/span><\/p><p style=\"text-align: left;\"><span style=\"color: #000000;\"><strong>Piso de caucho vulcanizado de m\u00e1xima resistencia, alta calidad con acabados y colores est\u00e1ndar.\u00a0<\/strong><\/span><\/p><p style=\"text-align: left;\"><span style=\"color: #000000;\"><strong><span style=\"color: #ffcc00;\">PIEZAS VULCANIZADAS:<\/span><\/strong><\/span><\/p><p style=\"text-align: left;\"><span style=\"color: #000000;\"><strong>\u00a0Fabricamos todo tipo de piezas vulcanizadas de alta precisi\u00f3n y totalmente personalizadas.<\/strong><strong><br \/><\/strong><\/span><\/p>\t\t\t\t\t\t\t\t<\/div>\n\t\t\t\t<\/div>\n\t\t\t\t<div class=\"elementor-element elementor-element-ee65144 animated-slow elementor-invisible elementor-widget elementor-widget-image\" data-id=\"ee65144\" data-element_type=\"widget\" data-e-type=\"widget\" data-settings=\"{&quot;_animation&quot;:&quot;fadeInLeft&quot;}\" data-widget_type=\"image.default\">\n\t\t\t\t<div class=\"elementor-widget-container\">\n\t\t\t\t\t\t\t\t\t\t\t\t\t\t\t<img decoding=\"async\" src=\"https:\/\/neoprenocoronel.com\/wp-content\/uploads\/2024\/04\/wwwwwwww.jpg\" title=\"wwwwwwww\" alt=\"wwwwwwww\" loading=\"lazy\" \/>\t\t\t\t\t\t\t\t\t\t\t\t\t\t\t<\/div>\n\t\t\t\t<\/div>\n\t\t\t\t\t<\/div>\n\t\t<\/div>\n\t\t\t\t<div class=\"elementor-column elementor-col-50 elementor-top-column elementor-element elementor-element-c50a96e\" data-id=\"c50a96e\" data-element_type=\"column\" data-e-type=\"column\">\n\t\t\t<div class=\"elementor-widget-wrap elementor-element-populated\">\n\t\t\t\t\t\t<div class=\"elementor-element elementor-element-10ce3f0 animated-slow elementor-invisible elementor-widget elementor-widget-image\" data-id=\"10ce3f0\" data-element_type=\"widget\" data-e-type=\"widget\" data-settings=\"{&quot;_animation&quot;:&quot;fadeInRight&quot;}\" data-widget_type=\"image.default\">\n\t\t\t\t<div class=\"elementor-widget-container\">\n\t\t\t\t\t\t\t\t\t\t\t\t\t\t\t<img fetchpriority=\"high\" decoding=\"async\" width=\"720\" height=\"1280\" src=\"https:\/\/neoprenocoronel.com\/wp-content\/uploads\/2023\/06\/WhatsApp-Image-2023-06-11-at-5.48.47-PM-1.jpeg\" class=\"attachment-full size-full wp-image-757\" alt=\"\" srcset=\"https:\/\/neoprenocoronel.com\/wp-content\/uploads\/2023\/06\/WhatsApp-Image-2023-06-11-at-5.48.47-PM-1.jpeg 720w, https:\/\/neoprenocoronel.com\/wp-content\/uploads\/2023\/06\/WhatsApp-Image-2023-06-11-at-5.48.47-PM-1-169x300.jpeg 169w, https:\/\/neoprenocoronel.com\/wp-content\/uploads\/2023\/06\/WhatsApp-Image-2023-06-11-at-5.48.47-PM-1-576x1024.jpeg 576w\" sizes=\"(max-width: 720px) 100vw, 720px\" \/>\t\t\t\t\t\t\t\t\t\t\t\t\t\t\t<\/div>\n\t\t\t\t<\/div>\n\t\t\t\t<div class=\"elementor-element elementor-element-e9ed9ac animated-slow elementor-invisible elementor-widget elementor-widget-image\" data-id=\"e9ed9ac\" data-element_type=\"widget\" data-e-type=\"widget\" data-settings=\"{&quot;_animation&quot;:&quot;fadeInRight&quot;}\" data-widget_type=\"image.default\">\n\t\t\t\t<div class=\"elementor-widget-container\">\n\t\t\t\t\t\t\t\t\t\t\t\t\t\t\t<img decoding=\"async\" width=\"960\" height=\"1280\" src=\"https:\/\/neoprenocoronel.com\/wp-content\/uploads\/2023\/06\/WhatsApp-Image-2023-06-16-at-7.07.56-PM-1.jpeg\" class=\"attachment-full size-full wp-image-1136\" alt=\"\" srcset=\"https:\/\/neoprenocoronel.com\/wp-content\/uploads\/2023\/06\/WhatsApp-Image-2023-06-16-at-7.07.56-PM-1.jpeg 960w, https:\/\/neoprenocoronel.com\/wp-content\/uploads\/2023\/06\/WhatsApp-Image-2023-06-16-at-7.07.56-PM-1-225x300.jpeg 225w, https:\/\/neoprenocoronel.com\/wp-content\/uploads\/2023\/06\/WhatsApp-Image-2023-06-16-at-7.07.56-PM-1-768x1024.jpeg 768w\" sizes=\"(max-width: 960px) 100vw, 960px\" \/>\t\t\t\t\t\t\t\t\t\t\t\t\t\t\t<\/div>\n\t\t\t\t<\/div>\n\t\t\t\t\t<\/div>\n\t\t<\/div>\n\t\t\t\t\t<\/div>\n\t\t<\/section>\n\t\t\t\t<section class=\"elementor-section elementor-top-section elementor-element elementor-element-8cd69c7 elementor-section-boxed elementor-section-height-default elementor-section-height-default\" data-id=\"8cd69c7\" data-element_type=\"section\" data-e-type=\"section\" data-settings=\"{&quot;background_background&quot;:&quot;classic&quot;}\">\n\t\t\t\t\t\t<div class=\"elementor-container elementor-column-gap-no\">\n\t\t\t\t\t<div class=\"elementor-column elementor-col-100 elementor-top-column elementor-element elementor-element-eabaf89\" data-id=\"eabaf89\" data-element_type=\"column\" data-e-type=\"column\">\n\t\t\t<div class=\"elementor-widget-wrap elementor-element-populated\">\n\t\t\t\t\t\t<div class=\"elementor-element elementor-element-1362abf elementor-widget elementor-widget-heading\" data-id=\"1362abf\" data-element_type=\"widget\" data-e-type=\"widget\" data-widget_type=\"heading.default\">\n\t\t\t\t<div class=\"elementor-widget-container\">\n\t\t\t\t\t<h2 class=\"elementor-heading-title elementor-size-default\">PRODUCTOS DESTACADOS<\/h2>\t\t\t\t<\/div>\n\t\t\t\t<\/div>\n\t\t\t\t\t<\/div>\n\t\t<\/div>\n\t\t\t\t\t<\/div>\n\t\t<\/section>\n\t\t\t\t<\/div>\n\t\t","protected":false},"excerpt":{"rendered":"<p>CAUCHO DE NEOPRENO PRODUCTOS LAMINA DE CAUCHO NEOPRENO: El neopreno es un elast\u00f3mero que Se emplea en tuber\u00edas de conducci\u00f3n de petr\u00f3leo y como aislante para cables y maquinaria, resiste una temperatura hasta de 130\u00baC. (CON O SIN LONA)\u00a0 LAMINA DE CAUCHO NATURAL BLANCO: EL SBR-BLANCO es un caucho sint\u00e9tico con excelente resistencia a los [&hellip;]<\/p>\n","protected":false},"author":1,"featured_media":0,"parent":0,"menu_order":0,"comment_status":"closed","ping_status":"closed","template":"","meta":{"site-sidebar-layout":"no-sidebar","site-content-layout":"page-builder","ast-site-content-layout":"default","site-content-style":"default","site-sidebar-style":"default","ast-global-header-display":"","ast-banner-title-visibility":"","ast-main-header-display":"","ast-hfb-above-header-display":"","ast-hfb-below-header-display":"","ast-hfb-mobile-header-display":"","site-post-title":"disabled","ast-breadcrumbs-content":"disabled","ast-featured-img":"disabled","footer-sml-layout":"","ast-disable-related-posts":"","theme-transparent-header-meta":"enabled","adv-header-id-meta":"","stick-header-meta":"","header-above-stick-meta":"","header-main-stick-meta":"","header-below-stick-meta":"","astra-migrate-meta-layouts":"default","ast-page-background-enabled":"default","ast-page-background-meta":{"desktop":{"background-color":"var(--ast-global-color-4)","background-image":"","background-repeat":"repeat","background-position":"center center","background-size":"auto","background-attachment":"scroll","background-type":"","background-media":"","overlay-type":"","overlay-color":"","overlay-opacity":"","overlay-gradient":""},"tablet":{"background-color":"","background-image":"","background-repeat":"repeat","background-position":"center center","background-size":"auto","background-attachment":"scroll","background-type":"","background-media":"","overlay-type":"","overlay-color":"","overlay-opacity":"","overlay-gradient":""},"mobile":{"background-color":"","background-image":"","background-repeat":"repeat","background-position":"center center","background-size":"auto","background-attachment":"scroll","background-type":"","background-media":"","overlay-type":"","overlay-color":"","overlay-opacity":"","overlay-gradient":""}},"ast-content-background-meta":{"desktop":{"background-color":"var(--ast-global-color-5)","background-image":"","background-repeat":"repeat","background-position":"center center","background-size":"auto","background-attachment":"scroll","background-type":"","background-media":"","overlay-type":"","overlay-color":"","overlay-opacity":"","overlay-gradient":""},"tablet":{"background-color":"var(--ast-global-color-5)","background-image":"","background-repeat":"repeat","background-position":"center center","background-size":"auto","background-attachment":"scroll","background-type":"","background-media":"","overlay-type":"","overlay-color":"","overlay-opacity":"","overlay-gradient":""},"mobile":{"background-color":"var(--ast-global-color-5)","background-image":"","background-repeat":"repeat","background-position":"center center","background-size":"auto","background-attachment":"scroll","background-type":"","background-media":"","overlay-type":"","overlay-color":"","overlay-opacity":"","overlay-gradient":""}},"_joinchat":[],"footnotes":""},"class_list":["post-793","page","type-page","status-publish","hentry"],"yoast_head":"<!-- This site is optimized with the Yoast SEO plugin v27.5 - https:\/\/yoast.com\/product\/yoast-seo-wordpress\/ -->\n<title>CAUCHO NEOPRENO - COMERCIALIZADORA CORONEL C.A<\/title>\n<meta name=\"robots\" content=\"index, follow, max-snippet:-1, max-image-preview:large, max-video-preview:-1\" \/>\n<link rel=\"canonical\" href=\"https:\/\/neoprenocoronel.com\/?page_id=793\" \/>\n<meta property=\"og:locale\" content=\"es_ES\" \/>\n<meta property=\"og:type\" content=\"article\" \/>\n<meta property=\"og:title\" content=\"CAUCHO NEOPRENO - COMERCIALIZADORA CORONEL C.A\" \/>\n<meta property=\"og:description\" content=\"CAUCHO DE NEOPRENO PRODUCTOS LAMINA DE CAUCHO NEOPRENO: El neopreno es un elast\u00f3mero que Se emplea en tuber\u00edas de conducci\u00f3n de petr\u00f3leo y como aislante para cables y maquinaria, resiste una temperatura hasta de 130\u00baC. (CON O SIN LONA)\u00a0 LAMINA DE CAUCHO NATURAL BLANCO: EL SBR-BLANCO es un caucho sint\u00e9tico con excelente resistencia a los [&hellip;]\" \/>\n<meta property=\"og:url\" content=\"https:\/\/neoprenocoronel.com\/?page_id=793\" \/>\n<meta property=\"og:site_name\" content=\"COMERCIALIZADORA CORONEL C.A\" \/>\n<meta property=\"article:publisher\" content=\"https:\/\/www.facebook.com\/ComecIndustrial\" \/>\n<meta property=\"article:modified_time\" content=\"2024-04-28T20:35:35+00:00\" \/>\n<meta property=\"og:image\" content=\"http:\/\/neoprenocoronel.com\/wp-content\/uploads\/elementor\/thumbs\/wwwwwwww-qne3wkbgr0fjg507s3x75t5l3c1gos9suhjuaxdls8.jpg\" \/>\n<meta name=\"twitter:card\" content=\"summary_large_image\" \/>\n<meta name=\"twitter:label1\" content=\"Tiempo de lectura\" \/>\n\t<meta name=\"twitter:data1\" content=\"5 minutos\" \/>\n<script type=\"application\/ld+json\" class=\"yoast-schema-graph\">{\"@context\":\"https:\\\/\\\/schema.org\",\"@graph\":[{\"@type\":\"WebPage\",\"@id\":\"https:\\\/\\\/neoprenocoronel.com\\\/?page_id=793\",\"url\":\"https:\\\/\\\/neoprenocoronel.com\\\/?page_id=793\",\"name\":\"CAUCHO NEOPRENO - COMERCIALIZADORA CORONEL C.A\",\"isPartOf\":{\"@id\":\"https:\\\/\\\/neoprenocoronel.com\\\/#website\"},\"primaryImageOfPage\":{\"@id\":\"https:\\\/\\\/neoprenocoronel.com\\\/?page_id=793#primaryimage\"},\"image\":{\"@id\":\"https:\\\/\\\/neoprenocoronel.com\\\/?page_id=793#primaryimage\"},\"thumbnailUrl\":\"http:\\\/\\\/neoprenocoronel.com\\\/wp-content\\\/uploads\\\/elementor\\\/thumbs\\\/wwwwwwww-qne3wkbgr0fjg507s3x75t5l3c1gos9suhjuaxdls8.jpg\",\"datePublished\":\"2023-06-18T21:50:00+00:00\",\"dateModified\":\"2024-04-28T20:35:35+00:00\",\"breadcrumb\":{\"@id\":\"https:\\\/\\\/neoprenocoronel.com\\\/?page_id=793#breadcrumb\"},\"inLanguage\":\"es-CO\",\"potentialAction\":[{\"@type\":\"ReadAction\",\"target\":[\"https:\\\/\\\/neoprenocoronel.com\\\/?page_id=793\"]}]},{\"@type\":\"ImageObject\",\"inLanguage\":\"es-CO\",\"@id\":\"https:\\\/\\\/neoprenocoronel.com\\\/?page_id=793#primaryimage\",\"url\":\"http:\\\/\\\/neoprenocoronel.com\\\/wp-content\\\/uploads\\\/elementor\\\/thumbs\\\/wwwwwwww-qne3wkbgr0fjg507s3x75t5l3c1gos9suhjuaxdls8.jpg\",\"contentUrl\":\"http:\\\/\\\/neoprenocoronel.com\\\/wp-content\\\/uploads\\\/elementor\\\/thumbs\\\/wwwwwwww-qne3wkbgr0fjg507s3x75t5l3c1gos9suhjuaxdls8.jpg\"},{\"@type\":\"BreadcrumbList\",\"@id\":\"https:\\\/\\\/neoprenocoronel.com\\\/?page_id=793#breadcrumb\",\"itemListElement\":[{\"@type\":\"ListItem\",\"position\":1,\"name\":\"Inicio\",\"item\":\"https:\\\/\\\/neoprenocoronel.com\\\/\"},{\"@type\":\"ListItem\",\"position\":2,\"name\":\"CAUCHO NEOPRENO\"}]},{\"@type\":\"WebSite\",\"@id\":\"https:\\\/\\\/neoprenocoronel.com\\\/#website\",\"url\":\"https:\\\/\\\/neoprenocoronel.com\\\/\",\"name\":\"COMERCIALIZADORA CORONEL C.A\",\"description\":\"comercializamos todo tipo de material industrial, cauchos neopreno, laminas de baquelita y mucho mas\",\"publisher\":{\"@id\":\"https:\\\/\\\/neoprenocoronel.com\\\/#organization\"},\"potentialAction\":[{\"@type\":\"SearchAction\",\"target\":{\"@type\":\"EntryPoint\",\"urlTemplate\":\"https:\\\/\\\/neoprenocoronel.com\\\/?s={search_term_string}\"},\"query-input\":{\"@type\":\"PropertyValueSpecification\",\"valueRequired\":true,\"valueName\":\"search_term_string\"}}],\"inLanguage\":\"es-CO\"},{\"@type\":\"Organization\",\"@id\":\"https:\\\/\\\/neoprenocoronel.com\\\/#organization\",\"name\":\"COMERCIALIZADORA CORONEL C.A\",\"url\":\"https:\\\/\\\/neoprenocoronel.com\\\/\",\"logo\":{\"@type\":\"ImageObject\",\"inLanguage\":\"es-CO\",\"@id\":\"https:\\\/\\\/neoprenocoronel.com\\\/#\\\/schema\\\/logo\\\/image\\\/\",\"url\":\"https:\\\/\\\/neoprenocoronel.com\\\/wp-content\\\/uploads\\\/2024\\\/04\\\/coronel.jpg\",\"contentUrl\":\"https:\\\/\\\/neoprenocoronel.com\\\/wp-content\\\/uploads\\\/2024\\\/04\\\/coronel.jpg\",\"width\":1056,\"height\":1080,\"caption\":\"COMERCIALIZADORA CORONEL C.A\"},\"image\":{\"@id\":\"https:\\\/\\\/neoprenocoronel.com\\\/#\\\/schema\\\/logo\\\/image\\\/\"},\"sameAs\":[\"https:\\\/\\\/www.facebook.com\\\/ComecIndustrial\"]}]}<\/script>\n<!-- \/ Yoast SEO plugin. -->","yoast_head_json":{"title":"CAUCHO NEOPRENO - COMERCIALIZADORA CORONEL C.A","robots":{"index":"index","follow":"follow","max-snippet":"max-snippet:-1","max-image-preview":"max-image-preview:large","max-video-preview":"max-video-preview:-1"},"canonical":"https:\/\/neoprenocoronel.com\/?page_id=793","og_locale":"es_ES","og_type":"article","og_title":"CAUCHO NEOPRENO - COMERCIALIZADORA CORONEL C.A","og_description":"CAUCHO DE NEOPRENO PRODUCTOS LAMINA DE CAUCHO NEOPRENO: El neopreno es un elast\u00f3mero que Se emplea en tuber\u00edas de conducci\u00f3n de petr\u00f3leo y como aislante para cables y maquinaria, resiste una temperatura hasta de 130\u00baC. (CON O SIN LONA)\u00a0 LAMINA DE CAUCHO NATURAL BLANCO: EL SBR-BLANCO es un caucho sint\u00e9tico con excelente resistencia a los [&hellip;]","og_url":"https:\/\/neoprenocoronel.com\/?page_id=793","og_site_name":"COMERCIALIZADORA CORONEL C.A","article_publisher":"https:\/\/www.facebook.com\/ComecIndustrial","article_modified_time":"2024-04-28T20:35:35+00:00","og_image":[{"url":"http:\/\/neoprenocoronel.com\/wp-content\/uploads\/elementor\/thumbs\/wwwwwwww-qne3wkbgr0fjg507s3x75t5l3c1gos9suhjuaxdls8.jpg","type":"","width":"","height":""}],"twitter_card":"summary_large_image","twitter_misc":{"Tiempo de lectura":"5 minutos"},"schema":{"@context":"https:\/\/schema.org","@graph":[{"@type":"WebPage","@id":"https:\/\/neoprenocoronel.com\/?page_id=793","url":"https:\/\/neoprenocoronel.com\/?page_id=793","name":"CAUCHO NEOPRENO - COMERCIALIZADORA CORONEL C.A","isPartOf":{"@id":"https:\/\/neoprenocoronel.com\/#website"},"primaryImageOfPage":{"@id":"https:\/\/neoprenocoronel.com\/?page_id=793#primaryimage"},"image":{"@id":"https:\/\/neoprenocoronel.com\/?page_id=793#primaryimage"},"thumbnailUrl":"http:\/\/neoprenocoronel.com\/wp-content\/uploads\/elementor\/thumbs\/wwwwwwww-qne3wkbgr0fjg507s3x75t5l3c1gos9suhjuaxdls8.jpg","datePublished":"2023-06-18T21:50:00+00:00","dateModified":"2024-04-28T20:35:35+00:00","breadcrumb":{"@id":"https:\/\/neoprenocoronel.com\/?page_id=793#breadcrumb"},"inLanguage":"es-CO","potentialAction":[{"@type":"ReadAction","target":["https:\/\/neoprenocoronel.com\/?page_id=793"]}]},{"@type":"ImageObject","inLanguage":"es-CO","@id":"https:\/\/neoprenocoronel.com\/?page_id=793#primaryimage","url":"http:\/\/neoprenocoronel.com\/wp-content\/uploads\/elementor\/thumbs\/wwwwwwww-qne3wkbgr0fjg507s3x75t5l3c1gos9suhjuaxdls8.jpg","contentUrl":"http:\/\/neoprenocoronel.com\/wp-content\/uploads\/elementor\/thumbs\/wwwwwwww-qne3wkbgr0fjg507s3x75t5l3c1gos9suhjuaxdls8.jpg"},{"@type":"BreadcrumbList","@id":"https:\/\/neoprenocoronel.com\/?page_id=793#breadcrumb","itemListElement":[{"@type":"ListItem","position":1,"name":"Inicio","item":"https:\/\/neoprenocoronel.com\/"},{"@type":"ListItem","position":2,"name":"CAUCHO NEOPRENO"}]},{"@type":"WebSite","@id":"https:\/\/neoprenocoronel.com\/#website","url":"https:\/\/neoprenocoronel.com\/","name":"COMERCIALIZADORA CORONEL C.A","description":"comercializamos todo tipo de material industrial, cauchos neopreno, laminas de baquelita y mucho mas","publisher":{"@id":"https:\/\/neoprenocoronel.com\/#organization"},"potentialAction":[{"@type":"SearchAction","target":{"@type":"EntryPoint","urlTemplate":"https:\/\/neoprenocoronel.com\/?s={search_term_string}"},"query-input":{"@type":"PropertyValueSpecification","valueRequired":true,"valueName":"search_term_string"}}],"inLanguage":"es-CO"},{"@type":"Organization","@id":"https:\/\/neoprenocoronel.com\/#organization","name":"COMERCIALIZADORA CORONEL C.A","url":"https:\/\/neoprenocoronel.com\/","logo":{"@type":"ImageObject","inLanguage":"es-CO","@id":"https:\/\/neoprenocoronel.com\/#\/schema\/logo\/image\/","url":"https:\/\/neoprenocoronel.com\/wp-content\/uploads\/2024\/04\/coronel.jpg","contentUrl":"https:\/\/neoprenocoronel.com\/wp-content\/uploads\/2024\/04\/coronel.jpg","width":1056,"height":1080,"caption":"COMERCIALIZADORA CORONEL C.A"},"image":{"@id":"https:\/\/neoprenocoronel.com\/#\/schema\/logo\/image\/"},"sameAs":["https:\/\/www.facebook.com\/ComecIndustrial"]}]}},"_links":{"self":[{"href":"https:\/\/neoprenocoronel.com\/index.php?rest_route=\/wp\/v2\/pages\/793","targetHints":{"allow":["GET"]}}],"collection":[{"href":"https:\/\/neoprenocoronel.com\/index.php?rest_route=\/wp\/v2\/pages"}],"about":[{"href":"https:\/\/neoprenocoronel.com\/index.php?rest_route=\/wp\/v2\/types\/page"}],"author":[{"embeddable":true,"href":"https:\/\/neoprenocoronel.com\/index.php?rest_route=\/wp\/v2\/users\/1"}],"replies":[{"embeddable":true,"href":"https:\/\/neoprenocoronel.com\/index.php?rest_route=%2Fwp%2Fv2%2Fcomments&post=793"}],"version-history":[{"count":58,"href":"https:\/\/neoprenocoronel.com\/index.php?rest_route=\/wp\/v2\/pages\/793\/revisions"}],"predecessor-version":[{"id":1859,"href":"https:\/\/neoprenocoronel.com\/index.php?rest_route=\/wp\/v2\/pages\/793\/revisions\/1859"}],"wp:attachment":[{"href":"https:\/\/neoprenocoronel.com\/index.php?rest_route=%2Fwp%2Fv2%2Fmedia&parent=793"}],"curies":[{"name":"wp","href":"https:\/\/api.w.org\/{rel}","templated":true}]}}