{"id":799,"date":"2023-06-18T16:52:20","date_gmt":"2023-06-18T21:52:20","guid":{"rendered":"https:\/\/neoprenocoronel.com\/?page_id=799"},"modified":"2024-04-23T10:03:41","modified_gmt":"2024-04-23T15:03:41","slug":"sellado-estatico","status":"publish","type":"page","link":"https:\/\/neoprenocoronel.com\/?page_id=799","title":{"rendered":"SELLADO EST\u00c1TICO"},"content":{"rendered":"\t\t<div data-elementor-type=\"wp-page\" data-elementor-id=\"799\" class=\"elementor elementor-799\">\n\t\t\t\t\t\t<section class=\"elementor-section elementor-top-section elementor-element elementor-element-5b828e3 elementor-section-boxed elementor-section-height-default elementor-section-height-default\" data-id=\"5b828e3\" data-element_type=\"section\" data-e-type=\"section\" data-settings=\"{&quot;background_background&quot;:&quot;classic&quot;}\">\n\t\t\t\t\t\t\t<div class=\"elementor-background-overlay\"><\/div>\n\t\t\t\t\t\t\t<div class=\"elementor-container elementor-column-gap-no\">\n\t\t\t\t\t<div class=\"elementor-column elementor-col-100 elementor-top-column elementor-element elementor-element-73f9b90\" data-id=\"73f9b90\" data-element_type=\"column\" data-e-type=\"column\">\n\t\t\t<div class=\"elementor-widget-wrap elementor-element-populated\">\n\t\t\t\t\t\t<div class=\"elementor-element elementor-element-6cb9832 animated-slow elementor-invisible elementor-widget elementor-widget-heading\" data-id=\"6cb9832\" data-element_type=\"widget\" data-e-type=\"widget\" data-settings=\"{&quot;_animation&quot;:&quot;fadeIn&quot;}\" data-widget_type=\"heading.default\">\n\t\t\t\t<div class=\"elementor-widget-container\">\n\t\t\t\t\t<h1 class=\"elementor-heading-title elementor-size-default\">SELLADO EST\u00c1TICO <\/h1>\t\t\t\t<\/div>\n\t\t\t\t<\/div>\n\t\t\t\t\t<\/div>\n\t\t<\/div>\n\t\t\t\t\t<\/div>\n\t\t<\/section>\n\t\t\t\t<section class=\"elementor-section elementor-top-section elementor-element elementor-element-9ca55ae elementor-section-boxed elementor-section-height-default elementor-section-height-default\" data-id=\"9ca55ae\" data-element_type=\"section\" data-e-type=\"section\" data-settings=\"{&quot;background_background&quot;:&quot;classic&quot;}\">\n\t\t\t\t\t\t<div class=\"elementor-container elementor-column-gap-no\">\n\t\t\t\t\t<div class=\"elementor-column elementor-col-50 elementor-top-column elementor-element elementor-element-285d1fe\" data-id=\"285d1fe\" data-element_type=\"column\" data-e-type=\"column\">\n\t\t\t<div class=\"elementor-widget-wrap elementor-element-populated\">\n\t\t\t\t\t\t<div class=\"elementor-element elementor-element-6108ee1 elementor-widget elementor-widget-heading\" data-id=\"6108ee1\" data-element_type=\"widget\" data-e-type=\"widget\" data-widget_type=\"heading.default\">\n\t\t\t\t<div class=\"elementor-widget-container\">\n\t\t\t\t\t<h2 class=\"elementor-heading-title elementor-size-default\">PRODUCTOS <\/h2>\t\t\t\t<\/div>\n\t\t\t\t<\/div>\n\t\t\t\t<div class=\"elementor-element elementor-element-a1a8fe3 elementor-widget elementor-widget-text-editor\" data-id=\"a1a8fe3\" data-element_type=\"widget\" data-e-type=\"widget\" data-widget_type=\"text-editor.default\">\n\t\t\t\t<div class=\"elementor-widget-container\">\n\t\t\t\t\t\t\t\t\t<p><span style=\"color: #ffcc00;\"><strong>CORDON DE ASBESTO GRAFITADO:<\/strong><\/span><br \/><strong><span style=\"color: #000000;\">Cada hebra es revestida de grafito, as\u00ed como la superficie total de la trenza para obtener el m\u00e1ximo de lubricaci\u00f3n y evitar el rayado de ejes, con un rango de temperatura de 360C\u00ba.<\/span><\/strong><\/p><p><span style=\"color: #ffcc00;\"><strong>CORDON KEVLAR PURO:<\/strong><\/span><br \/><strong><span style=\"color: #000000;\">Muy resistente a la presi\u00f3n, abrasi\u00f3n y las altas temperaturas<\/span><\/strong><\/p><p><span style=\"color: #ffcc00;\"><strong>CORDON TEFLON KEVLAR:<\/strong><\/span><br \/><strong><span style=\"color: #000000;\">Empaquetadura trenzada a base de filamentos continuos de kevlar impregnados con PTFE y lubricante de rodaje.<\/span><\/strong><\/p><p><span style=\"color: #ffcc00;\"><strong>CORDON TEFLON GRAFITO\/KEVLAR:<\/strong><\/span><br \/><strong><span style=\"color: #000000;\">Fibra trenzada de alta calidad de Kevlar con impregnaci\u00f3n de PTFE.<\/span><\/strong><\/p><p><span style=\"color: #ffcc00;\"><strong>CORDON FIBRA DE VIDRIO GRAFITADO:<\/strong><\/span><br \/><strong><span style=\"color: #000000;\">puede ser usado sobre el agua, v\u00e1lvulas, vapor, aire en el agua, solventes, \u00e1cidos suaves y \u00e1lcali, petr\u00f3leo y mezclas en bombas, uniones de extensi\u00f3n, mezcladores<\/span><\/strong><br \/><strong><span style=\"color: #000000;\">y agitadores.<\/span><\/strong><\/p><p><span style=\"color: #ffcc00;\"><strong>CORDON ACRILICO TEFLON:<\/strong><\/span><br \/><strong><span style=\"color: #000000;\">Cord\u00f3n flexible de tefl\u00f3n trenzado, formado a base de hilos de PTFE, resultando un cord\u00f3n resistente y seguro para el uso industrial.<\/span><\/strong><\/p><p><span style=\"color: #ffcc00;\"><strong>CORDON TEFLON LUBRICADO PURO:<\/strong><\/span><br \/><strong><span style=\"color: #000000;\">La empaquetadura de PTFE Virgen Lubricada, es trenzada desde filamentos de tefl\u00f3n virgen con una lubricaci\u00f3n especial, cuenta con buena flexibilidad y adaptabilidad,<\/span><\/strong><br \/><strong><span style=\"color: #000000;\">con un rango de temperatura de 300C\u00ba.<\/span><\/strong><\/p><p><span style=\"color: #ffcc00;\"><strong>CORDON DE ASBESTO TEFLONADO:<\/strong><\/span><br \/><strong><span style=\"color: #000000;\">Este cord\u00f3n se fabrica utilizando hilos de asbesto y trenzando en estilo cuadrado, luego se le aplica una mezcla de PTFE l\u00edquido con aceites lubricantes especiales.<\/span><\/strong><\/p><p><span style=\"color: #ffcc00;\"><strong>CORDON TEFLON GRAFITO LUBRICADO:<\/strong><\/span><br \/><strong><span style=\"color: #000000;\">Empaquetadura fabricada con hilos de PTFE con part\u00edculas submicr\u00f3nicas de grafito lubricado.<\/span><\/strong><\/p><p><span style=\"color: #ffcc00;\"><strong>CORDON FIBRA DE CERAMICA CON TEFLON:<\/strong><\/span><br \/><strong><span style=\"color: #000000;\">Soporta una temperatura de 280C\u00ba.\u00a0<\/span><\/strong><\/p><p><span style=\"color: #ffcc00;\"><strong>CORDON GRAFITO PURO (CON Y SIN ESQUINAS DE CARBON):<\/strong><\/span><br \/><strong><span style=\"color: #000000;\">Su rango de soporte de temperatura es de 650C\u00ba.<\/span><\/strong><\/p><p><span style=\"color: #ffcc00;\"><strong>SELLOS MECANICOS EN NITRILO Y VITON:<\/strong><\/span><br \/><strong><span style=\"color: #000000;\">Es el elemento utilizado para evitar las fugas de fluidos, gases en el punto en el cual el eje pasa del extremo h\u00famedo al seco o atmosf\u00e9rico.<\/span><\/strong><\/p>\t\t\t\t\t\t\t\t<\/div>\n\t\t\t\t<\/div>\n\t\t\t\t<div class=\"elementor-element elementor-element-ee65144 animated-slow elementor-invisible elementor-widget elementor-widget-image\" data-id=\"ee65144\" data-element_type=\"widget\" data-e-type=\"widget\" data-settings=\"{&quot;_animation&quot;:&quot;fadeInLeft&quot;}\" data-widget_type=\"image.default\">\n\t\t\t\t<div class=\"elementor-widget-container\">\n\t\t\t\t\t\t\t\t\t\t\t\t\t\t\t<img fetchpriority=\"high\" decoding=\"async\" width=\"627\" height=\"804\" src=\"https:\/\/neoprenocoronel.com\/wp-content\/uploads\/2023\/06\/ffff.png\" class=\"attachment-large size-large wp-image-896\" alt=\"\" srcset=\"https:\/\/neoprenocoronel.com\/wp-content\/uploads\/2023\/06\/ffff.png 627w, https:\/\/neoprenocoronel.com\/wp-content\/uploads\/2023\/06\/ffff-234x300.png 234w\" sizes=\"(max-width: 627px) 100vw, 627px\" \/>\t\t\t\t\t\t\t\t\t\t\t\t\t\t\t<\/div>\n\t\t\t\t<\/div>\n\t\t\t\t\t<\/div>\n\t\t<\/div>\n\t\t\t\t<div class=\"elementor-column elementor-col-50 elementor-top-column elementor-element elementor-element-c50a96e\" data-id=\"c50a96e\" data-element_type=\"column\" data-e-type=\"column\">\n\t\t\t<div class=\"elementor-widget-wrap elementor-element-populated\">\n\t\t\t\t\t\t<div class=\"elementor-element elementor-element-10ce3f0 animated-slow elementor-invisible elementor-widget elementor-widget-image\" data-id=\"10ce3f0\" data-element_type=\"widget\" data-e-type=\"widget\" data-settings=\"{&quot;_animation&quot;:&quot;fadeInRight&quot;}\" data-widget_type=\"image.default\">\n\t\t\t\t<div class=\"elementor-widget-container\">\n\t\t\t\t\t\t\t\t\t\t\t\t\t\t\t<img decoding=\"async\" width=\"720\" height=\"1280\" src=\"https:\/\/neoprenocoronel.com\/wp-content\/uploads\/2023\/06\/WhatsApp-Image-2023-06-11-at-5.48.47-PM-2.jpeg\" class=\"attachment-full size-full wp-image-839\" alt=\"\" srcset=\"https:\/\/neoprenocoronel.com\/wp-content\/uploads\/2023\/06\/WhatsApp-Image-2023-06-11-at-5.48.47-PM-2.jpeg 720w, https:\/\/neoprenocoronel.com\/wp-content\/uploads\/2023\/06\/WhatsApp-Image-2023-06-11-at-5.48.47-PM-2-169x300.jpeg 169w, https:\/\/neoprenocoronel.com\/wp-content\/uploads\/2023\/06\/WhatsApp-Image-2023-06-11-at-5.48.47-PM-2-576x1024.jpeg 576w\" sizes=\"(max-width: 720px) 100vw, 720px\" \/>\t\t\t\t\t\t\t\t\t\t\t\t\t\t\t<\/div>\n\t\t\t\t<\/div>\n\t\t\t\t<div class=\"elementor-element elementor-element-e9ed9ac animated-slow elementor-invisible elementor-widget elementor-widget-image\" data-id=\"e9ed9ac\" data-element_type=\"widget\" data-e-type=\"widget\" data-settings=\"{&quot;_animation&quot;:&quot;fadeInRight&quot;}\" data-widget_type=\"image.default\">\n\t\t\t\t<div class=\"elementor-widget-container\">\n\t\t\t\t\t\t\t\t\t\t\t\t\t\t\t<img decoding=\"async\" width=\"608\" height=\"1080\" src=\"https:\/\/neoprenocoronel.com\/wp-content\/uploads\/2023\/06\/WhatsApp-Image-2023-06-11-at-5.50.39-PM.jpeg\" class=\"attachment-full size-full wp-image-870\" alt=\"\" srcset=\"https:\/\/neoprenocoronel.com\/wp-content\/uploads\/2023\/06\/WhatsApp-Image-2023-06-11-at-5.50.39-PM.jpeg 608w, https:\/\/neoprenocoronel.com\/wp-content\/uploads\/2023\/06\/WhatsApp-Image-2023-06-11-at-5.50.39-PM-169x300.jpeg 169w, https:\/\/neoprenocoronel.com\/wp-content\/uploads\/2023\/06\/WhatsApp-Image-2023-06-11-at-5.50.39-PM-576x1024.jpeg 576w\" sizes=\"(max-width: 608px) 100vw, 608px\" \/>\t\t\t\t\t\t\t\t\t\t\t\t\t\t\t<\/div>\n\t\t\t\t<\/div>\n\t\t\t\t\t<\/div>\n\t\t<\/div>\n\t\t\t\t\t<\/div>\n\t\t<\/section>\n\t\t\t\t<section class=\"elementor-section elementor-top-section elementor-element elementor-element-a90cc92 elementor-section-boxed elementor-section-height-default elementor-section-height-default\" data-id=\"a90cc92\" data-element_type=\"section\" data-e-type=\"section\" data-settings=\"{&quot;background_background&quot;:&quot;classic&quot;}\">\n\t\t\t\t\t\t<div class=\"elementor-container elementor-column-gap-no\">\n\t\t\t\t\t<div class=\"elementor-column elementor-col-100 elementor-top-column elementor-element elementor-element-a2762bc\" data-id=\"a2762bc\" data-element_type=\"column\" data-e-type=\"column\">\n\t\t\t<div class=\"elementor-widget-wrap elementor-element-populated\">\n\t\t\t\t\t\t<div class=\"elementor-element elementor-element-d08249b elementor-widget elementor-widget-heading\" data-id=\"d08249b\" data-element_type=\"widget\" data-e-type=\"widget\" data-widget_type=\"heading.default\">\n\t\t\t\t<div class=\"elementor-widget-container\">\n\t\t\t\t\t<h2 class=\"elementor-heading-title elementor-size-default\">PRODUCTOS DESTACADOS<\/h2>\t\t\t\t<\/div>\n\t\t\t\t<\/div>\n\t\t\t\t\t<\/div>\n\t\t<\/div>\n\t\t\t\t\t<\/div>\n\t\t<\/section>\n\t\t\t\t<\/div>\n\t\t","protected":false},"excerpt":{"rendered":"<p>SELLADO EST\u00c1TICO PRODUCTOS CORDON DE ASBESTO GRAFITADO:Cada hebra es revestida de grafito, as\u00ed como la superficie total de la trenza para obtener el m\u00e1ximo de lubricaci\u00f3n y evitar el rayado de ejes, con un rango de temperatura de 360C\u00ba. CORDON KEVLAR PURO:Muy resistente a la presi\u00f3n, abrasi\u00f3n y las altas temperaturas CORDON TEFLON KEVLAR:Empaquetadura trenzada [&hellip;]<\/p>\n","protected":false},"author":1,"featured_media":0,"parent":0,"menu_order":0,"comment_status":"closed","ping_status":"closed","template":"","meta":{"site-sidebar-layout":"no-sidebar","site-content-layout":"page-builder","ast-site-content-layout":"default","site-content-style":"default","site-sidebar-style":"default","ast-global-header-display":"","ast-banner-title-visibility":"","ast-main-header-display":"","ast-hfb-above-header-display":"","ast-hfb-below-header-display":"","ast-hfb-mobile-header-display":"","site-post-title":"disabled","ast-breadcrumbs-content":"disabled","ast-featured-img":"disabled","footer-sml-layout":"","ast-disable-related-posts":"","theme-transparent-header-meta":"enabled","adv-header-id-meta":"","stick-header-meta":"","header-above-stick-meta":"","header-main-stick-meta":"","header-below-stick-meta":"","astra-migrate-meta-layouts":"default","ast-page-background-enabled":"default","ast-page-background-meta":{"desktop":{"background-color":"var(--ast-global-color-4)","background-image":"","background-repeat":"repeat","background-position":"center center","background-size":"auto","background-attachment":"scroll","background-type":"","background-media":"","overlay-type":"","overlay-color":"","overlay-opacity":"","overlay-gradient":""},"tablet":{"background-color":"","background-image":"","background-repeat":"repeat","background-position":"center center","background-size":"auto","background-attachment":"scroll","background-type":"","background-media":"","overlay-type":"","overlay-color":"","overlay-opacity":"","overlay-gradient":""},"mobile":{"background-color":"","background-image":"","background-repeat":"repeat","background-position":"center center","background-size":"auto","background-attachment":"scroll","background-type":"","background-media":"","overlay-type":"","overlay-color":"","overlay-opacity":"","overlay-gradient":""}},"ast-content-background-meta":{"desktop":{"background-color":"var(--ast-global-color-5)","background-image":"","background-repeat":"repeat","background-position":"center center","background-size":"auto","background-attachment":"scroll","background-type":"","background-media":"","overlay-type":"","overlay-color":"","overlay-opacity":"","overlay-gradient":""},"tablet":{"background-color":"var(--ast-global-color-5)","background-image":"","background-repeat":"repeat","background-position":"center center","background-size":"auto","background-attachment":"scroll","background-type":"","background-media":"","overlay-type":"","overlay-color":"","overlay-opacity":"","overlay-gradient":""},"mobile":{"background-color":"var(--ast-global-color-5)","background-image":"","background-repeat":"repeat","background-position":"center center","background-size":"auto","background-attachment":"scroll","background-type":"","background-media":"","overlay-type":"","overlay-color":"","overlay-opacity":"","overlay-gradient":""}},"_joinchat":[],"footnotes":""},"class_list":["post-799","page","type-page","status-publish","hentry"],"yoast_head":"<!-- This site is optimized with the Yoast SEO plugin v27.5 - https:\/\/yoast.com\/product\/yoast-seo-wordpress\/ -->\n<title>SELLADO EST\u00c1TICO - COMERCIALIZADORA CORONEL C.A<\/title>\n<meta name=\"robots\" content=\"index, follow, max-snippet:-1, max-image-preview:large, max-video-preview:-1\" \/>\n<link rel=\"canonical\" href=\"https:\/\/neoprenocoronel.com\/?page_id=799\" \/>\n<meta property=\"og:locale\" content=\"es_ES\" \/>\n<meta property=\"og:type\" content=\"article\" \/>\n<meta property=\"og:title\" content=\"SELLADO EST\u00c1TICO - COMERCIALIZADORA CORONEL C.A\" \/>\n<meta property=\"og:description\" content=\"SELLADO EST\u00c1TICO PRODUCTOS CORDON DE ASBESTO GRAFITADO:Cada hebra es revestida de grafito, as\u00ed como la superficie total de la trenza para obtener el m\u00e1ximo de lubricaci\u00f3n y evitar el rayado de ejes, con un rango de temperatura de 360C\u00ba. CORDON KEVLAR PURO:Muy resistente a la presi\u00f3n, abrasi\u00f3n y las altas temperaturas CORDON TEFLON KEVLAR:Empaquetadura trenzada [&hellip;]\" \/>\n<meta property=\"og:url\" content=\"https:\/\/neoprenocoronel.com\/?page_id=799\" \/>\n<meta property=\"og:site_name\" content=\"COMERCIALIZADORA CORONEL C.A\" \/>\n<meta property=\"article:publisher\" content=\"https:\/\/www.facebook.com\/ComecIndustrial\" \/>\n<meta property=\"article:modified_time\" content=\"2024-04-23T15:03:41+00:00\" \/>\n<meta property=\"og:image\" content=\"http:\/\/neoprenocoronel.com\/wp-content\/uploads\/2023\/06\/ffff.png\" \/>\n<meta name=\"twitter:card\" content=\"summary_large_image\" \/>\n<meta name=\"twitter:label1\" content=\"Tiempo de lectura\" \/>\n\t<meta name=\"twitter:data1\" content=\"5 minutos\" \/>\n<script type=\"application\/ld+json\" class=\"yoast-schema-graph\">{\"@context\":\"https:\\\/\\\/schema.org\",\"@graph\":[{\"@type\":\"WebPage\",\"@id\":\"https:\\\/\\\/neoprenocoronel.com\\\/?page_id=799\",\"url\":\"https:\\\/\\\/neoprenocoronel.com\\\/?page_id=799\",\"name\":\"SELLADO EST\u00c1TICO - COMERCIALIZADORA CORONEL C.A\",\"isPartOf\":{\"@id\":\"https:\\\/\\\/neoprenocoronel.com\\\/#website\"},\"primaryImageOfPage\":{\"@id\":\"https:\\\/\\\/neoprenocoronel.com\\\/?page_id=799#primaryimage\"},\"image\":{\"@id\":\"https:\\\/\\\/neoprenocoronel.com\\\/?page_id=799#primaryimage\"},\"thumbnailUrl\":\"http:\\\/\\\/neoprenocoronel.com\\\/wp-content\\\/uploads\\\/2023\\\/06\\\/ffff.png\",\"datePublished\":\"2023-06-18T21:52:20+00:00\",\"dateModified\":\"2024-04-23T15:03:41+00:00\",\"breadcrumb\":{\"@id\":\"https:\\\/\\\/neoprenocoronel.com\\\/?page_id=799#breadcrumb\"},\"inLanguage\":\"es-CO\",\"potentialAction\":[{\"@type\":\"ReadAction\",\"target\":[\"https:\\\/\\\/neoprenocoronel.com\\\/?page_id=799\"]}]},{\"@type\":\"ImageObject\",\"inLanguage\":\"es-CO\",\"@id\":\"https:\\\/\\\/neoprenocoronel.com\\\/?page_id=799#primaryimage\",\"url\":\"https:\\\/\\\/neoprenocoronel.com\\\/wp-content\\\/uploads\\\/2023\\\/06\\\/ffff.png\",\"contentUrl\":\"https:\\\/\\\/neoprenocoronel.com\\\/wp-content\\\/uploads\\\/2023\\\/06\\\/ffff.png\",\"width\":627,\"height\":804},{\"@type\":\"BreadcrumbList\",\"@id\":\"https:\\\/\\\/neoprenocoronel.com\\\/?page_id=799#breadcrumb\",\"itemListElement\":[{\"@type\":\"ListItem\",\"position\":1,\"name\":\"Inicio\",\"item\":\"https:\\\/\\\/neoprenocoronel.com\\\/\"},{\"@type\":\"ListItem\",\"position\":2,\"name\":\"SELLADO EST\u00c1TICO\"}]},{\"@type\":\"WebSite\",\"@id\":\"https:\\\/\\\/neoprenocoronel.com\\\/#website\",\"url\":\"https:\\\/\\\/neoprenocoronel.com\\\/\",\"name\":\"COMERCIALIZADORA CORONEL C.A\",\"description\":\"comercializamos todo tipo de material industrial, cauchos neopreno, laminas de baquelita y mucho mas\",\"publisher\":{\"@id\":\"https:\\\/\\\/neoprenocoronel.com\\\/#organization\"},\"potentialAction\":[{\"@type\":\"SearchAction\",\"target\":{\"@type\":\"EntryPoint\",\"urlTemplate\":\"https:\\\/\\\/neoprenocoronel.com\\\/?s={search_term_string}\"},\"query-input\":{\"@type\":\"PropertyValueSpecification\",\"valueRequired\":true,\"valueName\":\"search_term_string\"}}],\"inLanguage\":\"es-CO\"},{\"@type\":\"Organization\",\"@id\":\"https:\\\/\\\/neoprenocoronel.com\\\/#organization\",\"name\":\"COMERCIALIZADORA CORONEL C.A\",\"url\":\"https:\\\/\\\/neoprenocoronel.com\\\/\",\"logo\":{\"@type\":\"ImageObject\",\"inLanguage\":\"es-CO\",\"@id\":\"https:\\\/\\\/neoprenocoronel.com\\\/#\\\/schema\\\/logo\\\/image\\\/\",\"url\":\"https:\\\/\\\/neoprenocoronel.com\\\/wp-content\\\/uploads\\\/2024\\\/04\\\/coronel.jpg\",\"contentUrl\":\"https:\\\/\\\/neoprenocoronel.com\\\/wp-content\\\/uploads\\\/2024\\\/04\\\/coronel.jpg\",\"width\":1056,\"height\":1080,\"caption\":\"COMERCIALIZADORA CORONEL C.A\"},\"image\":{\"@id\":\"https:\\\/\\\/neoprenocoronel.com\\\/#\\\/schema\\\/logo\\\/image\\\/\"},\"sameAs\":[\"https:\\\/\\\/www.facebook.com\\\/ComecIndustrial\"]}]}<\/script>\n<!-- \/ Yoast SEO plugin. -->","yoast_head_json":{"title":"SELLADO EST\u00c1TICO - COMERCIALIZADORA CORONEL C.A","robots":{"index":"index","follow":"follow","max-snippet":"max-snippet:-1","max-image-preview":"max-image-preview:large","max-video-preview":"max-video-preview:-1"},"canonical":"https:\/\/neoprenocoronel.com\/?page_id=799","og_locale":"es_ES","og_type":"article","og_title":"SELLADO EST\u00c1TICO - COMERCIALIZADORA CORONEL C.A","og_description":"SELLADO EST\u00c1TICO PRODUCTOS CORDON DE ASBESTO GRAFITADO:Cada hebra es revestida de grafito, as\u00ed como la superficie total de la trenza para obtener el m\u00e1ximo de lubricaci\u00f3n y evitar el rayado de ejes, con un rango de temperatura de 360C\u00ba. CORDON KEVLAR PURO:Muy resistente a la presi\u00f3n, abrasi\u00f3n y las altas temperaturas CORDON TEFLON KEVLAR:Empaquetadura trenzada [&hellip;]","og_url":"https:\/\/neoprenocoronel.com\/?page_id=799","og_site_name":"COMERCIALIZADORA CORONEL C.A","article_publisher":"https:\/\/www.facebook.com\/ComecIndustrial","article_modified_time":"2024-04-23T15:03:41+00:00","og_image":[{"url":"http:\/\/neoprenocoronel.com\/wp-content\/uploads\/2023\/06\/ffff.png","type":"","width":"","height":""}],"twitter_card":"summary_large_image","twitter_misc":{"Tiempo de lectura":"5 minutos"},"schema":{"@context":"https:\/\/schema.org","@graph":[{"@type":"WebPage","@id":"https:\/\/neoprenocoronel.com\/?page_id=799","url":"https:\/\/neoprenocoronel.com\/?page_id=799","name":"SELLADO EST\u00c1TICO - COMERCIALIZADORA CORONEL C.A","isPartOf":{"@id":"https:\/\/neoprenocoronel.com\/#website"},"primaryImageOfPage":{"@id":"https:\/\/neoprenocoronel.com\/?page_id=799#primaryimage"},"image":{"@id":"https:\/\/neoprenocoronel.com\/?page_id=799#primaryimage"},"thumbnailUrl":"http:\/\/neoprenocoronel.com\/wp-content\/uploads\/2023\/06\/ffff.png","datePublished":"2023-06-18T21:52:20+00:00","dateModified":"2024-04-23T15:03:41+00:00","breadcrumb":{"@id":"https:\/\/neoprenocoronel.com\/?page_id=799#breadcrumb"},"inLanguage":"es-CO","potentialAction":[{"@type":"ReadAction","target":["https:\/\/neoprenocoronel.com\/?page_id=799"]}]},{"@type":"ImageObject","inLanguage":"es-CO","@id":"https:\/\/neoprenocoronel.com\/?page_id=799#primaryimage","url":"https:\/\/neoprenocoronel.com\/wp-content\/uploads\/2023\/06\/ffff.png","contentUrl":"https:\/\/neoprenocoronel.com\/wp-content\/uploads\/2023\/06\/ffff.png","width":627,"height":804},{"@type":"BreadcrumbList","@id":"https:\/\/neoprenocoronel.com\/?page_id=799#breadcrumb","itemListElement":[{"@type":"ListItem","position":1,"name":"Inicio","item":"https:\/\/neoprenocoronel.com\/"},{"@type":"ListItem","position":2,"name":"SELLADO EST\u00c1TICO"}]},{"@type":"WebSite","@id":"https:\/\/neoprenocoronel.com\/#website","url":"https:\/\/neoprenocoronel.com\/","name":"COMERCIALIZADORA CORONEL C.A","description":"comercializamos todo tipo de material industrial, cauchos neopreno, laminas de baquelita y mucho mas","publisher":{"@id":"https:\/\/neoprenocoronel.com\/#organization"},"potentialAction":[{"@type":"SearchAction","target":{"@type":"EntryPoint","urlTemplate":"https:\/\/neoprenocoronel.com\/?s={search_term_string}"},"query-input":{"@type":"PropertyValueSpecification","valueRequired":true,"valueName":"search_term_string"}}],"inLanguage":"es-CO"},{"@type":"Organization","@id":"https:\/\/neoprenocoronel.com\/#organization","name":"COMERCIALIZADORA CORONEL C.A","url":"https:\/\/neoprenocoronel.com\/","logo":{"@type":"ImageObject","inLanguage":"es-CO","@id":"https:\/\/neoprenocoronel.com\/#\/schema\/logo\/image\/","url":"https:\/\/neoprenocoronel.com\/wp-content\/uploads\/2024\/04\/coronel.jpg","contentUrl":"https:\/\/neoprenocoronel.com\/wp-content\/uploads\/2024\/04\/coronel.jpg","width":1056,"height":1080,"caption":"COMERCIALIZADORA CORONEL C.A"},"image":{"@id":"https:\/\/neoprenocoronel.com\/#\/schema\/logo\/image\/"},"sameAs":["https:\/\/www.facebook.com\/ComecIndustrial"]}]}},"_links":{"self":[{"href":"https:\/\/neoprenocoronel.com\/index.php?rest_route=\/wp\/v2\/pages\/799","targetHints":{"allow":["GET"]}}],"collection":[{"href":"https:\/\/neoprenocoronel.com\/index.php?rest_route=\/wp\/v2\/pages"}],"about":[{"href":"https:\/\/neoprenocoronel.com\/index.php?rest_route=\/wp\/v2\/types\/page"}],"author":[{"embeddable":true,"href":"https:\/\/neoprenocoronel.com\/index.php?rest_route=\/wp\/v2\/users\/1"}],"replies":[{"embeddable":true,"href":"https:\/\/neoprenocoronel.com\/index.php?rest_route=%2Fwp%2Fv2%2Fcomments&post=799"}],"version-history":[{"count":37,"href":"https:\/\/neoprenocoronel.com\/index.php?rest_route=\/wp\/v2\/pages\/799\/revisions"}],"predecessor-version":[{"id":1762,"href":"https:\/\/neoprenocoronel.com\/index.php?rest_route=\/wp\/v2\/pages\/799\/revisions\/1762"}],"wp:attachment":[{"href":"https:\/\/neoprenocoronel.com\/index.php?rest_route=%2Fwp%2Fv2%2Fmedia&parent=799"}],"curies":[{"name":"wp","href":"https:\/\/api.w.org\/{rel}","templated":true}]}}